he prime factors of h(-6)?
2, 3
Let p = -5 + 6. Suppose n + 12 = -u, -n + u = 3 + p. List the prime factors of 0/(3/3) - n.
2
Suppose d + 568 = 5*d. What are the prime factors of d?
2, 71
Let z = -57 + 82. List the prime factors of z.
5
Suppose 0 = 4*k + 81 - 13. Let u = 31 + k. List the prime factors of u.
2, 7
What are the prime factors of 476/6 - (3 - (-24)/(-9))?
79
Suppose 0*s + 62 = 2*s. Let p be (6/10)/(2/10). Suppose 6 = 3*b - p, 5*x - 3*b = s. What are the prime factors of x?
2
List the prime factors of 6/8 + 1480/32.
47
Let w = 18 - 11. Suppose -4*y - o = -13, 4*o = -y - o - 11. What are the prime factors of w + y/(-6)*3?
5
Suppose w = 4*n + 23, -n = -5*w - 10 + 30. Suppose -w = -t + 8. List the prime factors of t.
11
Let d(n) = -8*n. Let y = -28 - -22. What are the prime factors of d(y)?
2, 3
Let r be (-1)/4 - 90/(-8). Suppose 5*y - 20 = 0, n - 3*n = 3*y + 2. Let f = r + n. List the prime factors of f.
2
Let x = 7 - 8. Let v = 0 + x. Let l(w) = 2*w**2 + w + 1. What are the prime factors of l(v)?
2
Suppose 0 = -4*i + 5*i - 12. Let c be (i/(-2))/3 - -1. Let p = c + 20. List the prime factors of p.
19
Let u = -43 + 51. List the prime factors of u.
2
Suppose 2*n = -0*n + 4. Let w = n + 4. List the prime factors of w.
2, 3
Let v(g) = -8 + 4*g - g - 2*g. Let p be v(8). What are the prime factors of (-1 - -8)*(p - -1)?
7
Suppose -3*l - 2*g + 2 = -13, -3*l + 12 = g. Suppose -l*x = t - 0*x - 20, 3*t + 5*x - 48 = 0. Let b = t + -6. What are the prime factors of b?
5
Let x(g) = g**3 - 2*g**2 - 2*g + 1. Let u be x(3). Let p be (-116)/(-3)*(-3)/(-2). Suppose u*j - 21 = 2*i - 5*i, -j - p = -5*i. What are the prime factors of i?
11
Suppose a - t + 13 = 3*a, 0 = -a + t + 11. Let n = a - 6. Suppose 7 + n = i. What are the prime factors of i?
3
Let c = 49 + -29. List the prime factors of c.
2, 5
Let n(i) = 2*i - 30. Let t(d) = 3*d - 45. Let v(b) = 7*n(b) - 5*t(b). Let u be (2 - (4 - -2))*-2. What are the prime factors of v(u)?
7
Let z = 20 + -1. Let c = z + -2. What are the prime factors of c?
17
Suppose 3*z - 5*f = 5*z - 35, -z - f + 13 = 0. Let w = 16 - z. What are the prime factors of w?
2, 3
Let v be (-1)/4 + (-136)/(-32). Suppose 5 = d - v. What are the prime factors of d?
3
Let f be ((-8)/(-10))/((-2)/(-25)). Let g(x) = -x**3 + 9*x**2 + 11*x + 5. List the prime factors of g(f).
3, 5
Let i be 7 - 6 - 2*-1. Suppose -u - 2*u = -2*b - 83, -46 = -u - i*b. List the prime factors of u.
31
Suppose 35 = -3*m + 5*d + 13, m - 2*d + 9 = 0. Let z = m - -11. List the prime factors of z.
2, 3
Let x be (-10)/3*(-6)/4. Suppose x*i - 131 = -21. What are the prime factors of i?
2, 11
Let i(b) = 1. Let z(n) = -16*n - 6. Let s(k) = 5*i(k) + z(k). What are the prime factors of s(-3)?
47
Let r be (-4)/14 - 260/(-28). List the prime factors of (93/(-9))/((-3)/r).
31
Let y = -7 + 9. Suppose 20 = 5*q - y*z, 5*z - z - 20 = -5*q. What are the prime factors of q?
2
Suppose -4 = 4*k, 2*g - g - 5*k + 91 = 0. Let s = -58 - g. Let z = -27 + s. List the prime factors of z.
11
Let u = 20 + 142. List the prime factors of u.
2, 3
Let g be (15/(-5))/((-2)/6). Let p = -2 + g. List the prime factors of (p/(-14))/((-1)/20).
2, 5
Suppose 2*z + 2*h - 208 = 0, 3*h + 6 = -0. List the prime factors of z.
2, 53
Let y be 15 + (-1 + 1 - -2). Suppose -f + 2*l - 7*l = -y, 0 = f + 4*l - 15. What are the prime factors of f?
7
Let r be 927/36 - (-2)/8. Suppose 0*q = -5*q + 10. Suppose -r = -q*z + 2. List the prime factors of z.
2, 7
Suppose 8*l = 68 + 92. What are the prime factors of l?
2, 5
Suppose 0 = -w + 39 - 14. What are the prime factors of w?
5
Suppose 4*s = 5*i + 174, -3*i + 4*i + 43 = s. Let g = -21 + s. List the prime factors of g.
2, 5
Let x = 12 - -33. What are the prime factors of x?
3, 5
Let j(q) be the first derivative of -q**4/4 - q**3/3 + 3*q**2/2 - 4*q + 5. List the prime factors of j(-3).
5
Let d = -6 + 7. What are the prime factors of 0 - (d + -7*1)?
2, 3
Suppose 2 = 2*u - 2. Suppose 0*i + u*i = -r + 27, 46 = 3*r - i. What are the prime factors of r?
17
Suppose 2*o - 2 = -0*o. Let n = 4 - o. Suppose 2*d = n*d - 3. List the prime factors of d.
3
Let z(f) = f**3 + 6*f**2 - 7*f + 6. Let m be z(-7). What are the prime factors of 2/m + 130/6?
2, 11
Let h(p) = -p**3 + 3*p**2 + 5*p - 1. Let v be h(4). Suppose -v*t + 24 = -6. List the prime factors of t.
2, 5
Let s(n) be the second derivative of n**3/6 + n**2 + n. Let u be s(-2). List the prime factors of -3 + u + 13 + -1.
3
Let p(l) = -7*l + 2. Let f be p(1). Suppose t + 2 = q, 0 = 5*q - 3*t - 6 - 6. Let i = q - f. What are the prime factors of i?
2
Let x be 46*1 + (-4 - -2). Suppose 0 = 2*f + 2*f - x. List the prime factors of f.
11
Let v = -9 - -9. Suppose v = -2*s + 4*s - 8. List the prime factors of s.
2
Let j(v) = -v**2 + v. Let q be j(1). Suppose -s + 6*s - 3*b - 36 = q, -38 = -5*s + 4*b. Suppose s*p - 2*p - 20 = 0. What are the prime factors of p?
5
Suppose 2*y + 2*x = 15 + 29, 5*y = -2*x + 107. What are the prime factors of -4*y/(-6) + -2?
2, 3
Let k = 27 + 66. Let n = k - 45. What are the prime factors of n?
2, 3
Let v be 12/(-3) - -2 - -36. Let p = 62 - v. List the prime factors of p.
2, 7
Let b(o) = 13*o**2 + 2*o - 6. List the prime factors of b(-2).
2, 3, 7
Suppose -5*p = -4*p + 19. What are the prime factors of 10/(-2)*(p - -10)?
3, 5
Let w(d) = d + 1. Let x be w(-7). List the prime factors of (-3)/x - (-57)/2.
29
Suppose 18 = -d - 2*d. What are the prime factors of (d/4)/((-9)/30)?
5
Let j(z) = 2*z + 5*z - 3 + 4. What are the prime factors of j(1)?
2
Let t(o) = o**2 - 3*o - 4. Let k be t(-4). Suppose b + 2*b - 6 = 0, 0 = 3*u - 3*b - k. List the prime factors of u.
2, 5
Suppose 0 = 3*y - 3*b + 6, 0 = -b + 3. Let l be (-9 - y)*6/4. Let u = 28 + l. List the prime factors of u.
13
Let z(q) = 3*q - 23 + 8 + q. What are the prime factors of z(10)?
5
Suppose -2*b - 2*s = 0, -2*b - 2*s - 6 = -3*b. Suppose m - b*m + 19 = 0. List the prime factors of m.
19
Let j be 219*((-8)/6)/(-4). Suppose j = r - 0*r. Suppose -5*g - 18 + r = 0. List the prime factors of g.
11
Suppose 3*p - 22 = 50. Suppose 0 = -5*j + 201 + p. List the prime factors of j.
3, 5
Suppose 9 = -3*i, -3*t + 4*i + 15 = -12. What are the prime factors of t?
5
Suppose 0 = -4*a + 3*a + 4. Suppose -2*m - 21 = -z - 84, a*z + 162 = 5*m. List the prime factors of m.
2, 3, 5
Let x = -2 + 2. Let s = x + -1. List the prime factors of (2/s)/((-10)/15).
3
Suppose i = -0*i + 77. What are the prime factors of i/2 - 8/(-16)?
3, 13
Let i(q) = -10*q + 25. List the prime factors of i(-8).
3, 5, 7
What are the prime factors of 4/14 + (-160)/(-28)?
2, 3
Let d = -45 - -151. What are the prime factors of d?
2, 53
Let t(s) be the first derivative of s**2 + 3*s + 4. List the prime factors of t(3).
3
Let j(m) = 6*m**2 + 2*m + 1. Let y = -6 + 8. Suppose 5*b - 3*b + y = 0. What are the prime factors of j(b)?
5
Let s(u) be the second derivative of -u**5/20 - 2*u**4/3 - u**3/6 + u. Let d(x) = x**2 + 8*x + 4. Let n be d(-6). List the prime factors of s(n).
2
Let q(h) = -8*h - 11. Let i(d) = 20*d + 28. Let z(m) = -5*i(m) - 12*q(m). What are the prime factors of z(-10)?
2
Let w(t) = -t**3 + 3*t**2 + 4*t - 2. Let n = -14 - -17. List the prime factors of w(n).
2, 5
Let s(l) = l**2 + 2*l + 2. Let h be s(-2). Suppose 3 = h*g - 55. List the prime factors of g.
29
Let v = -9 + -59. Let o = v - -96. What are the prime factors of o?
2, 7
Let k be (-2)/(-2)*-2 + -16. Let z = -6 + 4. Let a = z - k. What are the prime factors of a?
2
List the prime factors of -2 + 44/8 + 1/(-2).
3
Let k = -7 + 38. What are the prime factors of k?
31
Let n = 208 + -103. List the prime factors of n.
3, 5, 7
Let d = 9 - -27. List the prime factors of d.
2, 3
Suppose -24 - 99 = -3*d. What are the prime factors of d?
41
Suppose q - 6 = -2*q. What are the prime factors of -2*(1 - 15/q)?
13
Let w(v) = v - 7. Let d(k) = k**3 - k**2 - 3*k + 3. Let r be d(3). List the prime factors of w(r).
5
Suppose -2*n + n = v - 4, 5*n + 3*v - 20 = 0. Suppose -n = -4*l, 2*l - 5*l + 79 = 4*s. What are the prime factors of s?
19
Let b = 28 - 19. Suppose -2*d - b = 3. What are the prime factors of (-13)/(-5) - d/15?
3
Let z = 153 - 31. List the prime factors of z.
2, 61
Let s = -147 + 252. What are the prime factors of s?
3, 5, 7
Suppose -2*q - 1 =